ons digit of 1362868177?
2
What is the tens digit of 17358935?
3
What is the units digit of 4959358376?
6
What is the hundred thousands digit of 255622556?
6
What is the thousands digit of 812975275?
5
What is the units digit of 64201154?
4
What is the hundred thousands digit of 717722297?
7
What is the hundreds digit of 23521294?
2
What is the ten thousands digit of 32689629?
8
What is the hundreds digit of 4559566?
5
What is the tens digit of 2627027943?
4
What is the ten thousands digit of 641086238?
8
What is the millions digit of 1621894980?
1
What is the ten millions digit of 110800817?
1
What is the ten thousands digit of 846156299?
5
What is the units digit of 290689901?
1
What is the millions digit of 1965971645?
5
What is the hundred millions digit of 377014418?
3
What is the hundreds digit of 68378254?
2
What is the tens digit of 70786862?
6
What is the ten millions digit of 14501353?
1
What is the thousands digit of 60861236?
1
What is the hundred thousands digit of 18518950?
5
What is the tens digit of 75756617?
1
What is the ten thousands digit of 527546361?
4
What is the billions digit of 1347306980?
1
What is the millions digit of 645071511?
5
What is the units digit of 806968413?
3
What is the hundreds digit of 52934346?
3
What is the ten thousands digit of 82215907?
1
What is the hundred thousands digit of 302242145?
2
What is the ten thousands digit of 171287845?
8
What is the ten thousands digit of 91460791?
6
What is the ten millions digit of 35566864?
3
What is the thousands digit of 261236744?
6
What is the units digit of 252227522?
2
What is the hundred millions digit of 182970581?
1
What is the millions digit of 179518974?
9
What is the ten thousands digit of 1342797165?
9
What is the hundreds digit of 640042596?
5
What is the billions digit of 2684604799?
2
What is the millions digit of 458386632?
8
What is the hundred thousands digit of 51138077?
1
What is the ten thousands digit of 4588143?
8
What is the units digit of 371406683?
3
What is the units digit of 14834818?
8
What is the hundred thousands digit of 6100938574?
9
What is the units digit of 22733548?
8
What is the hundred millions digit of 1178310999?
1
What is the hundred millions digit of 761677810?
7
What is the units digit of 121812926?
6
What is the thousands digit of 3914038?
4
What is the hundred millions digit of 1379503077?
3
What is the thousands digit of 675480877?
0
What is the ten millions digit of 618529202?
1
What is the hundreds digit of 315206036?
0
What is the hundred millions digit of 795753246?
7
What is the thousands digit of 1380383644?
3
What is the tens digit of 147624857?
5
What is the thousands digit of 141332912?
2
What is the units digit of 198352828?
8
What is the ten thousands digit of 5660922733?
2
What is the hundreds digit of 13747245?
2
What is the hundred thousands digit of 8668931?
6
What is the thousands digit of 28128685?
8
What is the ten millions digit of 33361998?
3
What is the tens digit of 119121726?
2
What is the ten thousands digit of 40743850?
4
What is the tens digit of 207035770?
7
What is the millions digit of 799284955?
9
What is the ten thousands digit of 67229400?
2
What is the ten thousands digit of 239699303?
9
What is the hundred thousands digit of 5782809974?
8
What is the tens digit of 6851796079?
7
What is the millions digit of 679850539?
9
What is the hundred thousands digit of 3182581077?
5
What is the hundred thousands digit of 156368690?
3
What is the hundreds digit of 67995167?
1
What is the hundreds digit of 287168729?
7
What is the hundred thousands digit of 27763272?
7
What is the hundreds digit of 35421299?
2
What is the hundred thousands digit of 201855619?
8
What is the tens digit of 169207397?
9
What is the tens digit of 34975667?
6
What is the ten thousands digit of 83857537?
5
What is the tens digit of 985389046?
4
What is the billions digit of 1950842468?
1
What is the tens digit of 292268536?
3
What is the units digit of 30757881?
1
What is the tens digit of 70097367?
6
What is the thousands digit of 58734365?
4
What is the millions digit of 1693192046?
3
What is the hundred millions digit of 2016567456?
0
What is the hundreds digit of 2384394737?
7
What is the thousands digit of 641846184?
6
What is the ten millions digit of 21360713?
2
What is the hundred thousands digit of 1013388707?
3
What is the ten thousands digit of 7608012202?
1
What is the ten millions digit of 6454375622?
5
What is the thousands digit of 77361663?
1
What is the tens digit of 79795240?
4
What is the ten thousands digit of 51761841?
6
What is the hundred millions digit of 160278615?
1
What is the tens digit of 2776803928?
2
What is the millions digit of 101812054?
1
What is the hundreds digit of 45195722?
7
What is the millions digit of 92063031?
2
What is the ten thousands digit of 115386285?
8
What is the hundred millions digit of 382144391?
3
What is the hundred thousands digit of 2515639525?
6
What is the tens digit of 1165457923?
2
What is the hundreds digit of 3636709705?
7
What is the thousands digit of 608821680?
1
What is the thousands digit of 37068032?
8
What is the units digit of 1758283668?
8
What is the thousands digit of 44822126?
2
What is the tens digit of 3893864?
6
What is the millions digit of 705616781?
5
What is the millions digit of 316482969?
6
What is the hundreds digit of 86607211?
2
What is the millions digit of 335103978?
5
What is the thousands digit of 524621710?
1
What is the hundred thousands digit of 55651134?
6
What is the ten thousands digit of 13649996?
4
What is the tens digit of 99070316?
1
What is the hundreds digit of 184325059?
0
What is the ten millions digit of 235479134?
3
What is the thousands digit of 12845677?
5
What is the hundreds digit of 17333498?
4
What is the hundred millions digit of 230202227?
2
What is the hundred millions digit of 114426834?
1
What is the ten thousands digit of 45781420?
8
What is the ten millions digit of 59052977?
5
What is the millions digit of 561175469?
1
What is the hundred thousands digit of 4057713?
0
What is the hundreds digit of 417404104?
1
What is the millions digit of 83305597?
3
What is the hundred thousands digit of 3404748?
4
What is the hundreds digit of 43898237?
2
What is the ten thousands digit of 157501793?
0
What is the hundred thousands digit of 227264442?
2
What is the thousands digit of 65130173?
0
What is the tens digit of 29889930?
3
What is the ten millions digit of 844299514?
4
What is the millions digit of 95344650?
5
What is the hundred thousands digit of 32350417?
3
What is the ten thousands digit of 29645596?
4
What is the units digit of 9923380?
0
What is the hundreds digit of 369346448?
4
What is the hundreds digit of 530403704?
7
What is the hundreds digit of 777757703?
7
What is the hundred thousands digit of 22768469?
7
What is the units digit of 283520817?
7
What is the ten thousands digit of 2781260556?
6
What is the millions digit of 374891013?
4
What is the hundreds digit of 633075583?
5
What is the hundreds digit of 169539158?
1
What is the hundred thousands digit of 94474590?
4
What is the hundred millions digit of 1798294442?
7
What is the thousands digit of 1637890188?
0
What is the tens digit of 278526185?
8
What is the tens digit of 163858415?
1
What is the tens digit of 989160750?
5
What is the thousands digit of 531234943?
4
What is the hundreds digit of 97929674?
6
What is the hundred millions digit of 2758221585?
7
What is the ten thousands digit of 119119588?
1
What is the ten millions digit of 40245752?
4
What is the hundreds digit of 78569738?
7
What is the tens digit of 350265650?
5
What is the thousands digit of 17189048?
9
What is the tens digit of 42660193?
9
What is the tens digit of 1384526183?
8
What is the hundreds digit of 746699483?
4
What is the units digit of 32891514?
4
What is the hundred thousands digit of 1118135208?
1
What is the ten millions digit of 1257494307?
5
What is the thousands digit of 629526973?
6
What is the ten thousands digit of 466382559?
8
What is the hundreds digit of 91653974?
9
What is the ten thousands digit of 1031346480?
4
What is the units digit of 165446031?
1
What is the thousands digit of 264512426?
2
What is the thousands digit of 1157